mainder when 28837 is divided by 23.
18
What is the remainder when 57 is divided by 21?
15
Calculate the remainder when 16900 is divided by 360.
340
What is the remainder when 2031 is divided by 220?
51
What is the remainder when 16202 is divided by 42?
32
What is the remainder when 30184 is divided by 30181?
3
What is the remainder when 4143 is divided by 824?
23
Calculate the remainder when 146830 is divided by 644.
642
Calculate the remainder when 2959 is divided by 266.
33
Calculate the remainder when 24436 is divided by 868.
132
What is the remainder when 53110 is divided by 26356?
398
Calculate the remainder when 2548 is divided by 504.
28
What is the remainder when 713 is divided by 366?
347
What is the remainder when 8860 is divided by 4375?
110
Calculate the remainder when 1087 is divided by 662.
425
What is the remainder when 88 is divided by 45?
43
Calculate the remainder when 2956 is divided by 771.
643
What is the remainder when 1767890 is divided by 3129?
5
What is the remainder when 1501 is divided by 244?
37
Calculate the remainder when 7420986 is divided by 394.
390
Calculate the remainder when 29225 is divided by 9733.
26
What is the remainder when 14318 is divided by 19?
11
Calculate the remainder when 870 is divided by 296.
278
What is the remainder when 1548 is divided by 7?
1
What is the remainder when 28358 is divided by 126?
8
Calculate the remainder when 731 is divided by 417.
314
Calculate the remainder when 21827 is divided by 362.
107
Calculate the remainder when 28321 is divided by 33.
7
Calculate the remainder when 12262 is divided by 253.
118
What is the remainder when 1753 is divided by 834?
85
What is the remainder when 454843 is divided by 14?
11
Calculate the remainder when 4747 is divided by 24.
19
What is the remainder when 440720 is divided by 181?
166
What is the remainder when 110627 is divided by 13?
10
Calculate the remainder when 101630 is divided by 33.
23
What is the remainder when 45187 is divided by 1806?
37
Calculate the remainder when 34266 is divided by 1106.
1086
Calculate the remainder when 6179 is divided by 270.
239
What is the remainder when 5451 is divided by 140?
131
Calculate the remainder when 134070 is divided by 69.
3
Calculate the remainder when 6401 is divided by 1063.
23
Calculate the remainder when 105825 is divided by 105813.
12
What is the remainder when 279789 is divided by 151?
137
What is the remainder when 363679 is divided by 269?
260
What is the remainder when 38761 is divided by 19376?
9
Calculate the remainder when 710985 is divided by 433.
432
Calculate the remainder when 3636 is divided by 354.
96
Calculate the remainder when 9337 is divided by 3053.
178
What is the remainder when 2092 is divided by 426?
388
Calculate the remainder when 5966 is divided by 2374.
1218
What is the remainder when 3782 is divided by 14?
2
Calculate the remainder when 47694 is divided by 9536.
14
Calculate the remainder when 1059823 is divided by 16.
15
What is the remainder when 7681 is divided by 68?
65
Calculate the remainder when 7708 is divided by 256.
28
Calculate the remainder when 3906 is divided by 738.
216
What is the remainder when 35577 is divided by 2541?
3
Calculate the remainder when 9603 is divided by 171.
27
What is the remainder when 6190 is divided by 24?
22
Calculate the remainder when 6285 is divided by 1328.
973
Calculate the remainder when 1224253 is divided by 704.
701
Calculate the remainder when 2507 is divided by 127.
94
Calculate the remainder when 4804 is divided by 178.
176
What is the remainder when 2719 is divided by 2591?
128
What is the remainder when 820622 is divided by 685?
677
Calculate the remainder when 73148 is divided by 266.
264
Calculate the remainder when 39731 is divided by 22.
21
Calculate the remainder when 763 is divided by 78.
61
Calculate the remainder when 184771 is divided by 419.
411
Calculate the remainder when 974 is divided by 43.
28
What is the remainder when 1522 is divided by 188?
18
Calculate the remainder when 8898 is divided by 2212.
50
What is the remainder when 61553 is divided by 35?
23
What is the remainder when 23309 is divided by 23243?
66
Calculate the remainder when 1043628 is divided by 28.
12
What is the remainder when 35398 is divided by 983?
10
Calculate the remainder when 53724 is divided by 46.
42
What is the remainder when 7494 is divided by 33?
3
What is the remainder when 1654 is divided by 115?
44
Calculate the remainder when 19659 is divided by 134.
95
What is the remainder when 48784 is divided by 170?
164
Calculate the remainder when 637700 is divided by 9242.
2
Calculate the remainder when 7300 is divided by 2399.
103
What is the remainder when 88171 is divided by 621?
610
Calculate the remainder when 562213 is divided by 156.
145
What is the remainder when 4626446 is divided by 75?
71
What is the remainder when 129203 is divided by 64587?
29
What is the remainder when 164 is divided by 5?
4
Calculate the remainder when 166407 is divided by 16639.
17
What is the remainder when 9263 is divided by 3049?
116
Calculate the remainder when 941426 is divided by 470710.
6
Calculate the remainder when 1182196 is divided by 45469.
2
Calculate the remainder when 22822 is divided by 22727.
95
Calculate the remainder when 5005 is divided by 237.
28
Calculate the remainder when 2061 is divided by 340.
21
Calculate the remainder when 189687 is divided by 5.
2
What is the remainder when 258427 is divided by 46?
45
Calculate the remainder when 10485 is divided by 549.
54
Calculate the remainder when 58207 is divided by 300.
7
What is the remainder when 6386965 is divided by 68?
65
Calculate the remainder when 210938 is divided by 311.
80
Calculate the remainder when 659187 is divided by 258.
255
What is the remainder when 295020 is divided by 2007?
1998
Calculate the remainder when 124634 is divided by 32.
26
Calculate the remainder when 1153 is divided by 844.
309
Calculate the remainder when 696084 is divided by 331.
322
What is the remainder when 4550 is divided by 14?
0
Calculate the remainder when 5446 is divided by 119.
91
What is the remainder when 5513 is divided by 1127?
1005
Calculate the remainder when 59812 is divided by 9968.
4
What is the remainder when 9145 is divided by 3008?
121
Calculate the remainder when 6555 is divided by 3267.
21
Calculate the remainder when 64810 is divided by 341.
20
What is the remainder when 8087 is divided by 100?
87
Calculate the remainder when 33346 is divided by 7.
5
What is the remainder when 3956072 is divided by 417?
410
What is the remainder when 5756 is divided by 131?
123
Calculate the remainder when 7964 is divided by 4.
0
What is the remainder when 28744 is divided by 784?
520
Calculate the remainder when 555302 is divided by 9.
2
What is the remainder when 38396 is divided by 283?
191
What is the remainder when 1881543 is divided by 62718?
3
Calculate the remainder when 80641 is divided by 1135.
56
What is the remainder when 20926 is divided by 44?
26
Calculate the remainder when 42818 is divided by 61.
57
What is the remainder when 1100 is divided by 664?
436
What is the remainder when 25975 is divided by 12969?
37
What is the remainder when 15061 is divided by 88?
13
What is the remainder when 452 is divided by 216?
20
What is the remainder when 5370 is divided by 2626?
118
What is the remainder when 1079 is divided by 157?
137
What is the remainder when 4724 is divided by 143?
5
Calculate the remainder when 16513 is divided by 5415.
268
What is the remainder when 12183 is divided by 339?
318
What is the remainder when 1088 is divided by 364?
360
Calculate the remainder when 23165 is divided by 1549.
1479
What is the remainder when 15340 is divided by 3822?
52
What is the remainder when 1303 is divided by 74?
45
Calculate the remainder when 1630 is divided by 1329.
301
What is the remainder when 167753 is divided by 843?
839
What is the remainder when 5784 is divided by 2?
0
What is the remainder when 71882 is divided by 9?
8
Calculate the remainder when 144650 is divided by 369.
2
Calculate the remainder when 357365 is divided by 1228.
17
Calculate the remainder when 6681 is divided by 354.
309
Calculate the remainder when 961 is divided by 366.
229
Calculate t